d by 27?
21
What is the remainder when 467 is divided by 13?
12
What is the remainder when 1899 is divided by 510?
369
Calculate the remainder when 297 is divided by 23.
21
What is the remainder when 402 is divided by 46?
34
What is the remainder when 135 is divided by 18?
9
What is the remainder when 761 is divided by 154?
145
What is the remainder when 52 is divided by 12?
4
What is the remainder when 201 is divided by 42?
33
What is the remainder when 732 is divided by 74?
66
Calculate the remainder when 5888 is divided by 39.
38
What is the remainder when 336 is divided by 35?
21
What is the remainder when 226 is divided by 29?
23
Calculate the remainder when 347 is divided by 53.
29
What is the remainder when 3037 is divided by 76?
73
What is the remainder when 637 is divided by 64?
61
What is the remainder when 108 is divided by 61?
47
What is the remainder when 53 is divided by 8?
5
Calculate the remainder when 627 is divided by 102.
15
What is the remainder when 41 is divided by 9?
5
What is the remainder when 610 is divided by 47?
46
Calculate the remainder when 660 is divided by 91.
23
What is the remainder when 656 is divided by 97?
74
What is the remainder when 42347 is divided by 12?
11
Calculate the remainder when 327 is divided by 11.
8
What is the remainder when 20942 is divided by 112?
110
What is the remainder when 1715 is divided by 66?
65
Calculate the remainder when 360 is divided by 75.
60
What is the remainder when 3513 is divided by 95?
93
Calculate the remainder when 33 is divided by 20.
13
What is the remainder when 1372 is divided by 11?
8
Calculate the remainder when 1578 is divided by 17.
14
What is the remainder when 84 is divided by 47?
37
What is the remainder when 1191 is divided by 581?
29
Calculate the remainder when 5411 is divided by 12.
11
What is the remainder when 935 is divided by 115?
15
What is the remainder when 2573 is divided by 14?
11
Calculate the remainder when 32 is divided by 13.
6
Calculate the remainder when 1002 is divided by 290.
132
What is the remainder when 360 is divided by 48?
24
Calculate the remainder when 143 is divided by 18.
17
Calculate the remainder when 12 is divided by 1.
0
What is the remainder when 1731 is divided by 577?
0
What is the remainder when 263 is divided by 33?
32
Calculate the remainder when 3463 is divided by 1150.
13
What is the remainder when 99 is divided by 22?
11
What is the remainder when 129 is divided by 88?
41
What is the remainder when 204 is divided by 32?
12
What is the remainder when 752 is divided by 61?
20
Calculate the remainder when 38553 is divided by 28.
25
Calculate the remainder when 84 is divided by 22.
18
What is the remainder when 712 is divided by 20?
12
What is the remainder when 9347 is divided by 246?
245
Calculate the remainder when 713 is divided by 65.
63
Calculate the remainder when 151 is divided by 14.
11
What is the remainder when 822 is divided by 209?
195
Calculate the remainder when 252 is divided by 93.
66
What is the remainder when 116 is divided by 11?
6
Calculate the remainder when 444 is divided by 50.
44
What is the remainder when 356 is divided by 90?
86
Calculate the remainder when 163 is divided by 33.
31
Calculate the remainder when 869 is divided by 56.
29
What is the remainder when 8186 is divided by 431?
428
Calculate the remainder when 390 is divided by 3.
0
Calculate the remainder when 461 is divided by 14.
13
What is the remainder when 431 is divided by 67?
29
What is the remainder when 9239 is divided by 105?
104
Calculate the remainder when 9192 is divided by 146.
140
What is the remainder when 6340 is divided by 104?
100
Calculate the remainder when 345 is divided by 87.
84
Calculate the remainder when 253 is divided by 85.
83
Calculate the remainder when 23915 is divided by 21.
17
Calculate the remainder when 31 is divided by 20.
11
What is the remainder when 5178 is divided by 148?
146
What is the remainder when 299 is divided by 129?
41
Calculate the remainder when 15 is divided by 5.
0
Calculate the remainder when 2274 is divided by 69.
66
What is the remainder when 565 is divided by 95?
90
What is the remainder when 195 is divided by 14?
13
What is the remainder when 285 is divided by 13?
12
What is the remainder when 296 is divided by 30?
26
Calculate the remainder when 718 is divided by 20.
18
What is the remainder when 176 is divided by 55?
11
What is the remainder when 264 is divided by 36?
12
Calculate the remainder when 170 is divided by 92.
78
What is the remainder when 242 is divided by 23?
12
What is the remainder when 237 is divided by 133?
104
Calculate the remainder when 374 is divided by 97.
83
What is the remainder when 240 is divided by 22?
20
What is the remainder when 1544 is divided by 17?
14
Calculate the remainder when 1692 is divided by 15.
12
What is the remainder when 461 is divided by 62?
27
What is the remainder when 461 is divided by 22?
21
Calculate the remainder when 240 is divided by 8.
0
What is the remainder when 73 is divided by 26?
21
What is the remainder when 240 is divided by 67?
39
Calculate the remainder when 391 is divided by 22.
17
Calculate the remainder when 818 is divided by 20.
18
What is the remainder when 101 is divided by 92?
9
What is the remainder when 5064 is divided by 17?
15
What is the remainder when 32715 is divided by 19?
16
Calculate the remainder when 132 is divided by 15.
12
What is the remainder when 126 is divided by 64?
62
What is the remainder when 209 is divided by 47?
21
What is the remainder when 1077 is divided by 24?
21
What is the remainder when 437 is divided by 20?
17
What is the remainder when 258 is divided by 18?
6
What is the remainder when 47 is divided by 12?
11
Calculate the remainder when 36 is divided by 19.
17
What is the remainder when 2443 is divided by 814?
1
Calculate the remainder when 60 is divided by 6.
0
What is the remainder when 491 is divided by 239?
13
Calculate the remainder when 3544 is divided by 10.
4
Calculate the remainder when 630 is divided by 79.
77
What is the remainder when 58 is divided by 15?
13
Calculate the remainder when 8169 is divided by 75.
69
What is the remainder when 103 is divided by 13?
12
Calculate the remainder when 53854 is divided by 14.
10
What is the remainder when 1060 is divided by 76?
72
What is the remainder when 972 is divided by 31?
11
What is the remainder when 499 is divided by 253?
246
Calculate the remainder when 488 is divided by 123.
119
What is the remainder when 1077 is divided by 54?
51
What is the remainder when 46276 is divided by 11?
10
What is the remainder when 211 is divided by 59?
34
What is the remainder when 185 is divided by 80?
25
Calculate the remainder when 688 is divided by 243.
202
Calculate the remainder when 526 is divided by 11.
9
What is the remainder when 280 is divided by 33?
16
What is the remainder when 1015 is divided by 322?
49
What is the remainder when 201 is divided by 12?
9
Calculate the remainder when 141 is divided by 9.
6
What is the remainder when 2099 is divided by 352?
339
Calculate the remainder when 5477 is divided by 83.
82
What is the remainder when 104 is divided by 45?
14
Calculate the remainder when 3956 is divided by 18.
14
What is the remainder when 57 is divided by 31?
26
Calculate the remainder when 112 is divided by 6.
4
Calculate the remainder when 7134 is divided by 246.
0
What is the remainder when 69 is divided by 68?
1
Calculate the remainder when 261 is divided by 164.
97
Calculate the remainder when 742 is divided by 85.
62
What is the remainder when 1398 is divided by 1391?
7
What is the remainder when 88 is divided by 7?
4
What is the remainder when 57 is divided by 15?
12
What is the remainder when 1721 is divided by 12?
5
Calculate the remainder when 3805 is divided by 26.
9
Calculate the remainder when 1047 is divided by 42.
39
What is the remainder when 135 is divided by 118?
17
What is the remainder when 225 is divided by 16?
1
What is the remainder when 2641 is divided by 862?
55
What is the remainder when 420 is divided by 2?
0
Calculate the remainder when 306 is divided by 39.
33
What is the remainder when 508 is divided by 51?
49
What is the remainder when 16996 is divided by 16?
4
Calculate the r